5 + 1?
-4
In base 12, what is -39 - -12?
-27
In base 9, what is -117 + 45?
-62
In base 5, what is -13 + -112?
-130
In base 10, what is 314 - -4?
318
In base 7, what is 204 + -351?
-144
In base 13, what is 6a1 - -3?
6a4
In base 7, what is -1 + -40?
-41
In base 10, what is 4 + -274?
-270
In base 12, what is 212 + 29?
23b
In base 8, what is 4047 - 4?
4043
In base 11, what is -12 + -51?
-63
In base 12, what is 1533 - -4?
1537
In base 12, what is 15 - -11?
26
In base 4, what is -2 - 331?
-333
In base 10, what is 161 - -24?
185
In base 9, what is 128 + 8?
137
In base 13, what is -13c8 + -3?
-13cb
In base 3, what is 1121 + -2222?
-1101
In base 16, what is 3e7 - -5?
3ec
In base 4, what is -3012311 + -2?
-3012313
In base 13, what is -1 - -6?
5
In base 4, what is 10333133 + -11?
10333122
In base 3, what is -2202 + 1?
-2201
In base 13, what is -1b - -194?
176
In base 11, what is -11 - 63?
-74
In base 13, what is -9 + 834?
828
In base 9, what is -5 - 126?
-132
In base 5, what is -101 - 1104?
-1210
In base 14, what is -2 + 7?
5
In base 11, what is -112 - -2?
-110
In base 13, what is -24 - -40?
19
In base 12, what is -5 - a43?
-a48
In base 8, what is -5700 + 4?
-5674
In base 2, what is -110001100 - -10?
-110001010
In base 11, what is -4 + 1260?
1257
In base 7, what is -26263 + 2?
-26261
In base 5, what is -21 - -20?
-1
In base 6, what is -2 - 2521?
-2523
In base 5, what is 4430 - -1?
4431
In base 9, what is 40 + 0?
40
In base 5, what is 12 + 34?
101
In base 9, what is 3 + 182?
185
In base 5, what is -221 + -114?
-340
In base 12, what is 5 + 46a?
473
In base 11, what is 8a54 - -1?
8a55
In base 10, what is 1897 + 4?
1901
In base 2, what is -1110010 - -10100?
-1011110
In base 2, what is 100101 + 111?
101100
In base 4, what is 33 - -13?
112
In base 13, what is -12 + -7?
-19
In base 3, what is -100121 + -20?
-100211
In base 4, what is -130010 + -2?
-130012
In base 8, what is 3117 - 5?
3112
In base 14, what is -4 + 52?
4c
In base 12, what is -85 - -5?
-80
In base 14, what is -655 + -5?
-65a
In base 12, what is 0 - -837?
837
In base 12, what is 2 + 157?
159
In base 11, what is -4 + 183?
17a
In base 11, what is 848 - 3?
845
In base 13, what is 330 + -a?
323
In base 7, what is -3 + 1062?
1056
In base 4, what is 10 - 12?
-2
In base 8, what is 43 - -3?
46
In base 7, what is 241 - -50?
321
In base 13, what is 1c + 8?
27
In base 11, what is 2 - -68?
6a
In base 5, what is -2 + -141?
-143
In base 3, what is -21 + -110?
-201
In base 9, what is 4828 + 4?
4833
In base 12, what is -a93 + -5?
-a98
In base 9, what is -446 - 6?
-453
In base 16, what is 2e + -a?
24
In base 8, what is 4541 + 1?
4542
In base 16, what is -52d + 1?
-52c
In base 5, what is 13 - 33?
-20
In base 11, what is 13a1 + 1?
13a2
In base 8, what is -3012 + 4?
-3006
In base 9, what is -3 - 2748?
-2752
In base 5, what is 1 + -1432?
-1431
In base 3, what is -222 - 2222?
-10221
In base 10, what is -5 - -3500?
3495
In base 5, what is -1131332 - -1?
-1131331
In base 6, what is 12 + 12?
24
In base 6, what is 231 - -1533?
2204
In base 7, what is 621 - 15?
603
In base 11, what is -5 + -73a?
-744
In base 4, what is -11010 + -1?
-11011
In base 16, what is -8 + -9?
-11
In base 6, what is 25 - 12?
13
In base 3, what is 111 - -1202?
2020
In base 14, what is -2454 + 0?
-2454
In base 6, what is -3 + 33?
30
In base 9, what is -106 + 16?
-80
In base 8, what is -1 + 601?
600
In base 8, what is 22 - 120?
-76
In base 12, what is 0 + -45?
-45
In base 5, what is -242 + -12?
-304
In base 16, what is -5 + 306?
301
In base 9, what is -3 + 88?
85
In base 7, what is -1 - -6522?
6521
In base 4, what is 313 + -11?
302
In base 9, what is 8 + -4?
4
In base 2, what is -100 + -100111?
-101011
In base 7, what is 5 - 0?
5
In base 11, what is -4 + -117?
-120
In base 3, what is 12 + 1022122?
1022211
In base 4, what is 11 + -31111?
-31100
In base 16, what is -4 + -98?
-9c
In base 8, what is 0 + 170?
170
In base 9, what is 3 + -73?
-70
In base 12, what is -5 - 280?
-285
In base 6, what is 5 + 4?
13
In base 2, what is -101 - 100001100?
-100010001
In base 13, what is -4 - 247?
-24b
In base 15, what is e - -12?
21
In base 3, what is 2 - 2212?
-2210
In base 2, what is -1001000 - -10100?
-110100
In base 4, what is -113233 - 10?
-113303
In base 6, what is 2 - -2124?
2130
In base 10, what is 3 - 6?
-3
In base 13, what is -1 - -307?
306
In base 14, what is 2a1 + 0?
2a1
In base 8, what is -2 - -452?
450
In base 3, what is 1 - -101111221?
101111222
In base 4, what is 130 - -1?
131
In base 14, what is -13 - 60?
-73
In base 10, what is 1318 + -3?
1315
In base 3, what is 101010002 + 12?
101010021
In base 5, what is 241 + -430?
-134
In base 4, what is 103 - 3011?
-2302
In base 5, what is 2 + -20010?
-20003
In base 13, what is -3 + aa?
a7
In base 15, what is -c + 4?
-8
In base 12, what is 2 - 347?
-345
In base 3, what is 110 - 110011?
-102201
In base 16, what is -42 - -1?
-41
In base 12, what is 5 - -252?
257
In base 15, what is 5d - e?
4e
In base 7, what is 2 + 353?
355
In base 6, what is 123 - -154?
321
In base 13, what is -66 + -1?
-67
In base 10, what is 816 - 1?
815
In base 7, what is -130 + 36?
-61
In base 8, what is 2 + 174?
176
In base 7, what is 0 - -44?
44
In base 6, what is -2 - -3333?
3331
In base 8, what is -217 + 2?
-215
In base 14, what is -287 - 3?
-28a
In base 5, what is -231 + -404?
-1140
In base 7, what is -3136 - 13?
-3152
In base 3, what is -21 + -2020?
-2111
In base 16, what is -3 - 9e?
-a1
In base 7, what is 11 - 15?
-4
In base 13, what is 22 - 4?
1b
In base 4, what is 2 - 1231?
-1223
In base 5, what is -10 + 23?
13
In base 11, what is 26 + -5?
21
In base 5, what is -1242 + -4?
-1301
In base 9, what is -401 - -4?
-386
In base 2, what is 1011110100 - 101?
1011101111
In base 6, what is 130 + -32?
54
In base 8, what is -2 - -713?
711
In base 12, what is 25 + 3a?
63
In base 9, what is 6 + 7?
14
In base 4, what is -212 - -11?
-201
In base 6, what is 111 - 23?
44
In base 8, what is 3 - 4460?
-4455
In base 7, what is 16 - -10?
26
In base 6, what is -4 - 523?
-531
In base 15, what is 1 - -5?
6
In base 10, what is -26 + 6?
-20
In base 4, what is 2032 + 11?
2103
In base 10, what is -4 - -71?
67
In base 12, what is 9 - -591?
59a
In base 11, what is 85 - -3?
88
In base 7, what is -655 + 2?
-653
In base 12, what is 5 + 1705?
170a
In base 4, what is 11 - -21301?
21312
In base 16, what is -5 + 2d7?
2d2
In base 16, what is -f + -108?
-117
In base 11, what is -50 + a?
-41
In base 9, what is -6 + -3781?
-3787
In base 15, what is -56cd + 3?
-56ca
In base 6, what is -2 + 145?
143
In base 4, what is -10 + 23233?
23223
In base 8, what is 152 - 112?
40
In base 14, what is 3 - 6c2?
-6bd
In base 11, what is -12 + 6?
-7
In base 13, what is 0 + 35?
35
In base 2, what is -100011 + -11100100?
-100000111
In base 12, what is 31 + -7?
26
In base 11, what is 2 + 6a?
71
In base 9, what is -762 - 7?
-770
In base 12, what is 23 + 30?
53
In base 15, what is 1c9 - -1?
1ca
In base 11, what is -141a4 - 2?
-141a6
In base 3, what is -122 - 10011?
-10210
In base 8, what is 12665 - -4?
12671
In base 3, what is 1120 - -100?
1220
In base 6, what is -101 + 4?
-53
In base 6, what is -5 + 213?
204
In base 3, what is 10 + 10002100?
10002110
In base 9, what is 2 - 1556?
-1554
In base 3, what is 1022222 - -10?
1100002
In base 2, what is 100 + 10?
110
In base 13, what is -19 + 0?
-19
In base 2, what is 10010110 + -10?
10010100
In base 6, what is 41324 + 3?
41331
In base 10, what is -4 + 476?
472
In base 4, what is -22 - 22?
-110
In base 9, what is 114 + -32?
72
In base 16, what is -3 + 35?
32
In base 5, what is -10 + 223?
213
In base 15, what is -67 + 4?
-63
In base 11, what is 5 - 539?
-534
In base 15, what is -1d - 0?
-1d
In base 5, what is 130 - 1?
124
In base 3, what is -211 + 21?
-120
In base 3, what is -12222 + -12?
-20011
In base 14, what is -a8 + 7?
-a1
In base 12, what is -4 + -20?
-24
In base 16, what is -5 + -52c?
-531
In base 12, what is -5 + -144?
-149
In base 2, what is 11 + 110111?
111010
In base 7, what is 0 + 130?
130
In base 6, what is -15354 + -3?
-15401
In base 10, what is -10752 + -3?
-10755
In base 13, what is 336 - 4?
332
In base 16, what is 1 + df?
e0
In base 3, what is -20 - -211022?
211002
In base 10, what is -2 - -184?
182
In base 7, what is -10 - -1643?
1633
In 